 what is 13 - 58?
-45
In base 2, what is 11110111010 - -100?
11110111110
In base 11, what is 7 + -1585?
-1579
In base 10, what is -2 - 4825?
-4827
In base 7, what is 13 - 25?
-12
In base 2, what is 10 - 110011?
-110001
In base 5, what is -444 - -13?
-431
In base 16, what is 2 - 40e?
-40c
In base 9, what is 5 - -1403?
1408
In base 3, what is 20 + 1112?
1202
In base 14, what is 3 + b8?
bb
In base 11, what is -37 - 506?
-542
In base 14, what is -819 - 8?
-823
In base 9, what is 186 - -17?
214
In base 15, what is -d - 8?
-16
In base 14, what is -7 - -79?
72
In base 4, what is 202302 + -10?
202232
In base 5, what is -32 - -24?
-3
In base 4, what is -10 - -101323?
101313
In base 15, what is -18 - -35?
1c
In base 16, what is -f4 - 1?
-f5
In base 2, what is 100 - -1010010?
1010110
In base 15, what is 34 - 5?
2e
In base 16, what is 60 + 1a?
7a
In base 5, what is 10 - -2131?
2141
In base 12, what is -4 + -8a2?
-8a6
In base 13, what is -4 + -c?
-13
In base 15, what is a + -d?
-3
In base 3, what is 12121 + -10?
12111
In base 7, what is 5 + 151?
156
In base 9, what is 4 + -1212?
-1207
In base 11, what is 2 - 2a2?
-2a0
In base 5, what is -204 + 3?
-201
In base 13, what is -1c79 + 0?
-1c79
In base 11, what is 17 - -1?
18
In base 6, what is 24 + -5?
15
In base 5, what is 220400 + 1?
220401
In base 3, what is 1 - -22110?
22111
In base 11, what is 1a + 32?
51
In base 14, what is 197 - 1?
196
In base 11, what is 2765 - 6?
275a
In base 12, what is 0 + 57?
57
In base 13, what is 23 - 1?
22
In base 12, what is 5 - -114?
119
In base 6, what is -4 + -353?
-401
In base 9, what is 5 - -30?
35
In base 2, what is 11000 - 110101?
-11101
In base 14, what is 5 - -65?
6a
In base 13, what is 3 + 143?
146
In base 7, what is 3 - 210?
-204
In base 5, what is -204 - -1230?
1021
In base 12, what is 16 + 31?
47
In base 6, what is 14 + 3351?
3405
In base 13, what is -9 + a?
1
In base 3, what is -21 + -100001?
-100022
In base 4, what is 2 - -120130?
120132
In base 8, what is 3 + -113?
-110
In base 10, what is 1 + 80?
81
In base 13, what is bbb - -a?
bc8
In base 5, what is 3410 - -3?
3413
In base 11, what is -11119 + 5?
-11114
In base 16, what is 40 + -1?
3f
In base 14, what is 138 - 5?
133
In base 5, what is -2100 - 2?
-2102
In base 15, what is -699 - 1?
-69a
In base 11, what is -11454 + -3?
-11457
In base 14, what is 3 + 29b?
2a0
In base 11, what is 1 - -2323?
2324
In base 10, what is -1 - 51?
-52
In base 7, what is 312 + 0?
312
In base 9, what is 36 - 673?
-636
In base 15, what is -732 - 1?
-733
In base 9, what is 7 - 106?
-88
In base 6, what is 15 - 35?
-20
In base 7, what is 116 + -143?
-24
In base 6, what is -42 - -100?
14
In base 6, what is -5 - 1155?
-1204
In base 10, what is 45 - 5?
40
In base 12, what is -20 - -2?
-1a
In base 3, what is 2110 + -200001?
-120121
In base 8, what is -113 + -276?
-411
In base 12, what is -4 + 32?
2a
In base 7, what is -30 + -41?
-101
In base 9, what is 0 - -125?
125
In base 11, what is -1 + -10aa?
-1100
In base 14, what is -1 - 683?
-684
In base 2, what is 10001011110 + -100?
10001011010
In base 16, what is -41e + 5?
-419
In base 2, what is -100 - 110101?
-111001
In base 14, what is a4 - -58?
11c
In base 7, what is -4 - 320?
-324
In base 4, what is 2 + 112010?
112012
In base 10, what is 5 + -33?
-28
In base 11, what is 10 + -490?
-480
In base 10, what is -43 + 32?
-11
In base 6, what is 4 - -150?
154
In base 3, what is 1002 - -2101?
10110
In base 16, what is 2d + -3?
2a
In base 8, what is -3 + 73?
70
In base 14, what is 25 - -33?
58
In base 15, what is a - -38?
43
In base 11, what is 4 - 132?
-129
In base 15, what is -1a + 4?
-16
In base 2, what is 1011 - -1100?
10111
In base 9, what is 50 + 436?
486
In base 13, what is 1 + -213?
-212
In base 10, what is 338 - -1?
339
In base 3, what is -10121 - -20002?
2111
In base 13, what is 3 + 29?
2c
In base 15, what is -d - -7a7?
799
In base 3, what is 10 + 2010?
2020
In base 4, what is -10 - 322?
-332
In base 14, what is 35 - b?
28
In base 10, what is -19127 - 3?
-19130
In base 9, what is -122 + 4?
-117
In base 11, what is 4 - 133?
-12a
In base 8, what is 4 + 150?
154
In base 13, what is 1 - 31?
-30
In base 11, what is -175 + 14?
-161
In base 3, what is 10000200 - 1?
10000122
In base 13, what is 3c1 + 3?
3c4
In base 4, what is -11 - -203310?
203233
In base 9, what is 58 - 62?
-3
In base 8, what is 4 + 1507?
1513
In base 13, what is -550a + 1?
-5509
In base 6, what is 215 - -1?
220
In base 11, what is 250 - -3?
253
In base 16, what is 1 + -6?
-5
In base 11, what is -4 + -1075?
-1079
In base 3, what is 1 - 10212?
-10211
In base 5, what is 4 + -242?
-233
In base 13, what is 223 - 5?
21b
In base 8, what is -1 - -3446?
3445
In base 14, what is 5 + -257?
-252
In base 15, what is 0 + 1d?
1d
In base 9, what is 562 + -3?
558
In base 6, what is 2520 - 0?
2520
In base 8, what is 115 + 1?
116
In base 4, what is -10120 - 0?
-10120
In base 11, what is -23a7 + 1?
-23a6
In base 11, what is 162 + -1?
161
In base 6, what is -3232 + 2?
-3230
In base 3, what is -1100 + -1?
-1101
In base 4, what is 1 - -2001?
2002
In base 13, what is -2 - 50?
-52
In base 11, what is 213 + 1?
214
In base 2, what is -1011010 + 101?
-1010101
In base 5, what is -442 - 14?
-1011
In base 7, what is -33 - 1?
-34
In base 5, what is -1224 + -14?
-1243
In base 8, what is -231 - -2?
-227
In base 15, what is 2a - 4d?
-23
In base 3, what is -110220101 + -2?
-110220110
In base 13, what is -7 + a0b?
a04
In base 15, what is -7 - 5?
-c
In base 9, what is 15 - -20?
35
In base 6, what is -133 - -3?
-130
In base 12, what is -1 + 21?
20
In base 7, what is 130 + 43?
203
In base 4, what is -310 - -31?
-213
In base 15, what is 2 + -1c81?
-1c7e
In base 5, what is -234 + -1?
-240
In base 12, what is -560 + 3?
-559
In base 14, what is -1 + 2c3?
2c2
In base 7, what is 3 - 30?
-24
In base 11, what is 10 + 30?
40
In base 9, what is 3178 + 0?
3178
In base 9, what is -5 + 105?
100
In base 11, what is 37 + 58?
94
In base 14, what is -5 + -48?
-4d
In base 6, what is -2545 - 1?
-2550
In base 14, what is -26 - 9?
-31
In base 8, what is 1 - -6344?
6345
In base 12, what is a8 + -1?
a7
In base 12, what is 621 + -b?
612
In base 11, what is -37 - 14?
-50
In base 3, what is 1121222 + 10?
1122002
In base 6, what is 15 + -24?
-5
In base 2, what is -1001000 - 10111?
-1011111
In base 4, what is 3 - -2203?
2212
In base 8, what is -4 - 126?
-132
In base 14, what is 1 + b4?
b5
In base 15, what is -125 - 1?
-126
In base 7, what is -5 + -3166?
-3204
In base 15, what is -5 + 78?
73
In base 3, what is -22022 - -211?
-21111
In base 12, what is 0 - -5a2?
5a2
In base 13, what is -c - -120?
111
In base 9, what is 3 + 352?
355
In base 13, what is -33 - -3?
-30
In base 2, what is -11 + -10001001100?
-10001001111
In base 3, what is 1 - -220020?
220021
In base 5, what is -30422 - 0?
-30422
In base 5, what is -342 - -12?
-330
In base 15, what is 17a + 5?
180
In base 9, what is 103 + 0?
103
In base 10, what is 61 - -21?
82
In base 4, what is -301323 + -11?
-302000
In base 7, what is -1 - -41?
40
In base 8, what is -134 - 3?
-137
In base 5, what is -2 - -13131?
13124
In base 5, what is 4 - -12211?
12220
In base 7, what is -4 + 60?
53
In base 11, what is -3 - -a01?
9a9
In base 4, what is 33 - -2320?
3013
In base 8, what is -125 - 154?
-301
In base 8, what is -27200 + -4?
-27204
In base 7, what is -6564 - -4?
-6560
In base 4, what is -30 - 211?
-301
In base 14, what is 3b - -12?
4d
In base 2, what is 100000010100 + 10?
100000010110
In base 16, what is -a - -1?
-9
In base 15, what is 64 - 68?
-4
In base 3, what is 12 - 22220?
-22201
In base 10, what is 434 - 4?
430
In base 7, what is -1563 + 2?
-1561
In base 11, what is 16 - -2?
18
In base 11, what is 26 + -42?
-17
In base 2, what is -101011100110 + -111?
-101011101101
In base 14, what is -47 + -143?
-18a
In base 16, what is 130 + 5?
135
In base 5, what is 4120 - -3?
4123
In base 14, what is -61c + -5?
-623
In base 9, what is 38 - 27?
11
In base 7, what is 1510 - -1?
1511
In base 8, what is 11 - -641?
652
In base 8, what is -464 + 4?
-460
In base 7, what is -1623 + -3?
-1626
In base 16, what is -6e + -1f?
-8d
In base 9, what is -224 + -1?
-225
In base 14, what is 9d - 5?
98
In base 9, what is -7 - 1484?
-1502
In base 12, what is -3 + -169?
-170
In base 5